{"id":23,"date":"2025-05-12T01:36:48","date_gmt":"2025-05-11T23:36:48","guid":{"rendered":"https:\/\/krogulec.info\/?page_id=23"},"modified":"2025-06-02T17:24:30","modified_gmt":"2025-06-02T15:24:30","slug":"strona-glowna","status":"publish","type":"page","link":"https:\/\/krogulec.info\/","title":{"rendered":"strona-glowna"},"content":{"rendered":"\t\t<div data-elementor-type=\"wp-page\" data-elementor-id=\"23\" class=\"elementor elementor-23\">\n\t\t\t\t<div class=\"elementor-element elementor-element-e6b5240 e-con-full e-flex e-con e-parent\" data-id=\"e6b5240\" data-element_type=\"container\">\n\t\t\t\t<div class=\"elementor-element elementor-element-de49808 elementor-widget elementor-widget-shortcode\" data-id=\"de49808\" data-element_type=\"widget\" data-widget_type=\"shortcode.default\">\n\t\t\t\t<div class=\"elementor-widget-container\">\n\t\t\t\t\t\t\t<div class=\"elementor-shortcode\"><div class=\"intro-section\">\n  <div class=\"intro-content\">\n    <img decoding=\"async\" src=\"https:\/\/krogulec.info\/wp-content\/uploads\/2025\/05\/bez-tla.webp\" class=\"intro-logo\">\n  <\/div>\n  <div class=\"scroll-arrow\">\u25bc<\/div>\n<\/div><\/div>\n\t\t\t\t\t\t<\/div>\n\t\t\t\t<\/div>\n\t\t\t\t<\/div>\n\t\t<div class=\"elementor-element elementor-element-b8a6834 e-con-full e-flex e-con e-parent\" data-id=\"b8a6834\" data-element_type=\"container\">\n\t\t<div class=\"elementor-element elementor-element-0d94889 e-con-full e-flex e-con e-child\" data-id=\"0d94889\" data-element_type=\"container\" data-settings=\"{&quot;background_background&quot;:&quot;gradient&quot;}\">\n\t\t\t\t<div class=\"elementor-element elementor-element-7d4c308 elementor-widget elementor-widget-shortcode\" data-id=\"7d4c308\" data-element_type=\"widget\" data-widget_type=\"shortcode.default\">\n\t\t\t\t<div class=\"elementor-widget-container\">\n\t\t\t\t\t\t\t<div class=\"elementor-shortcode\"><div class=\"kim-jestesmy-simple\">\n  <h2>Kim jeste\u015bmy?<\/h2>\n  <p><strong>Ko\u0142o \u0141owieckie \u201eKrogulec\u201d<\/strong> z Gda\u0144ska dzia\u0142a nieprzerwanie od 1963 roku. \u0141\u0105czymy pasj\u0119 do natury z odpowiedzialno\u015bci\u0105 za jej ochron\u0119. Tworzymy spo\u0142eczno\u015b\u0107 my\u015bliwych, le\u015bnik\u00f3w i mi\u0142o\u015bnik\u00f3w przyrody, kt\u00f3rzy dzia\u0142aj\u0105 wsp\u00f3lnie w duchu etyki \u0142owieckiej.<\/p>\n\n  <ul class=\"kim-values\">\n    <li><span>\ud83e\udd8c<\/span> Dba\u0142o\u015b\u0107 o populacje dzikiej zwierzyny<\/li>\n    <li><span>\ud83c\udf3e<\/span> Gospodarka \u0142owiecka w zgodzie z natur\u0105<\/li>\n    <li><span>\ud83c\udf32<\/span> Tradycja, etyka, edukacja i lokalne zaanga\u017cowanie<\/li>\n  <\/ul>\n<\/div><\/div>\n\t\t\t\t\t\t<\/div>\n\t\t\t\t<\/div>\n\t\t\t\t<\/div>\n\t\t\t\t<\/div>\n\t\t<div class=\"elementor-element elementor-element-92523a7 e-con-full e-flex e-con e-parent\" data-id=\"92523a7\" data-element_type=\"container\">\n\t\t<div class=\"elementor-element elementor-element-bb26c2d e-con-full e-flex e-con e-child\" data-id=\"bb26c2d\" data-element_type=\"container\" data-settings=\"{&quot;background_background&quot;:&quot;gradient&quot;}\">\n\t\t\t\t<div class=\"elementor-element elementor-element-3d216bd elementor-widget elementor-widget-shortcode\" data-id=\"3d216bd\" data-element_type=\"widget\" data-widget_type=\"shortcode.default\">\n\t\t\t\t<div class=\"elementor-widget-container\">\n\t\t\t\t\t\t\t<div class=\"elementor-shortcode\"><div class=\"galeria-lowiecka\">\n  <div class=\"swiper galeria-swiper\">\n    <div class=\"swiper-wrapper\">\n      <!-- Slide 1 -->\n      <div class=\"swiper-slide\">\n        <a href=\"https:\/\/krogulec.info\/wp-content\/uploads\/2025\/05\/1.jpeg\" data-fslightbox=\"galeria\">\n          <img decoding=\"async\" src=\"https:\/\/krogulec.info\/wp-content\/uploads\/2025\/05\/1.jpeg\" alt=\"Polowanie Hubertowskie - 2024\" \/>\n          <p class=\"slide-caption\">Polowanie Hubertowskie - 2024<\/p>\n        <\/a>\n      <\/div>\n      <!-- Slide 2 -->\n      <div class=\"swiper-slide\">\n        <a href=\"https:\/\/krogulec.info\/wp-content\/uploads\/2025\/05\/4.jpeg\" data-fslightbox=\"galeria\">\n          <img decoding=\"async\" src=\"https:\/\/krogulec.info\/wp-content\/uploads\/2025\/05\/4.jpeg\" alt=\"Festyn Sobowidz - 2024\" \/>\n          <p class=\"slide-caption\">Festyn Sobowidz - 2024<\/p>\n        <\/a>\n      <\/div>\n      <!-- Slide 3 -->\n      <div class=\"swiper-slide\">\n        <a href=\"https:\/\/krogulec.info\/wp-content\/uploads\/2025\/05\/3.jpeg\" data-fslightbox=\"galeria\">\n          <img decoding=\"async\" src=\"https:\/\/krogulec.info\/wp-content\/uploads\/2025\/05\/3.jpeg\" alt=\"Biesiada My\u015bliwska - 2024\" \/>\n          <p class=\"slide-caption\">Biesiada My\u015bliwska - 2024<\/p>\n        <\/a>\n      <\/div>\n      <!-- Dodaj wi\u0119cej slajd\u00f3w wed\u0142ug potrzeb -->\n    <\/div>\n    <!-- Strza\u0142ki -->\n    <div class=\"swiper-button-next\"><\/div>\n    <div class=\"swiper-button-prev\"><\/div>\n    <!-- Indykatory -->\n    <div class=\"swiper-pagination\"><\/div>\n  <\/div>\n\n  <div class=\"galeria-napis\">Zobacz wi\u0119cej na naszych social mediach<\/div>\n<div class=\"lowiecki-social\">\n  <a href=\"https:\/\/www.facebook.com\/profile.php?id=61576894415260\" class=\"social-icon\" aria-label=\"Facebook\">\n    <svg xmlns=\"http:\/\/www.w3.org\/2000\/svg\" viewBox=\"0 0 320 512\" width=\"24\" height=\"24\" fill=\"#ffffff\"><path d=\"M279.14 288l14.22-92.66h-88.91V127.36c0-25.35 12.42-50.06 52.24-50.06h40.42V6.26S260.43 0 225.36 0c-73.17 0-121.17 44.38-121.17 124.72V195.3H22.89V288h81.3v224h100.17V288z\"\/><\/svg>\n  <\/a>\n  <a href=\"https:\/\/www.instagram.com\/kolo_lowieckie_krogulec\/\" class=\"social-icon\" aria-label=\"Instagram\">\n    <svg xmlns=\"http:\/\/www.w3.org\/2000\/svg\" viewBox=\"0 0 448 512\" width=\"24\" height=\"24\" fill=\"#ffffff\"><path d=\"M224.1 141c-63.6 0-114.9 51.3-114.9 114.9S160.5 370.9 224.1 370.9 339 319.6 339 255.9 287.7 141 224.1 141zm0 186.6c-39.5 0-71.6-32.1-71.6-71.6s32.1-71.6 71.6-71.6 71.6 32.1 71.6 71.6-32.1 71.6-71.6 71.6zm146.4-194.3c0 14.9-12.1 27-27 27s-27-12.1-27-27 12.1-27 27-27 27 12.1 27 27zm76.1 27.2c-1.7-35.7-9.9-67.2-36.3-93.6s-57.9-34.6-93.6-36.3c-37-2.1-147.9-2.1-184.8 0-35.7 1.7-67.2 9.9-93.6 36.3S3.4 124.8 1.7 160.5C-.4 197.4-.4 308.3 1.7 345.2c1.7 35.7 9.9 67.2 36.3 93.6s57.9 34.6 93.6 36.3c37 2.1 147.9 2.1 184.8 0 35.7-1.7 67.2-9.9 93.6-36.3s34.6-57.9 36.3-93.6c2.1-37 2.1-147.9 0-184.8zM398.8 388c-7.8 19.7-22.9 34.8-42.6 42.6-29.5 11.7-99.5 9-132.1 9s-102.7 2.6-132.1-9c-19.7-7.8-34.8-22.9-42.6-42.6-11.7-29.5-9-99.5-9-132.1s-2.6-102.7 9-132.1c7.8-19.7 22.9-34.8 42.6-42.6 29.5-11.7 99.5-9 132.1-9s102.7-2.6 132.1 9c19.7 7.8 34.8 22.9 42.6 42.6 11.7 29.5 9 99.5 9 132.1s2.7 102.7-9 132.1z\"\/><\/svg>\n  <\/a>\n  <a href=\"https:\/\/www.tiktok.com\/@kolo_lowieckie_krogulec\" class=\"social-icon\" aria-label=\"TikTok\">\n    <svg xmlns=\"http:\/\/www.w3.org\/2000\/svg\" viewBox=\"0 0 448 512\" width=\"24\" height=\"24\" fill=\"#ffffff\"><path d=\"M448,209.3V160a128,128,0,0,1-128-128H271.1v315.5a72,72,0,1,1-72-72,70.7,70.7,0,0,1,22.4,3.7V234.8a120.2,120.2,0,1,0,93.6,117.7V208.5A174.5,174.5,0,0,0,448,209.3Z\"\/><\/svg>\n  <\/a>\n<\/div>\n\n\n<\/div>\n<\/div>\n\t\t\t\t\t\t<\/div>\n\t\t\t\t<\/div>\n\t\t\t\t<\/div>\n\t\t\t\t<\/div>\n\t\t<div class=\"elementor-element elementor-element-1edc2a3 e-con-full e-flex e-con e-parent\" data-id=\"1edc2a3\" data-element_type=\"container\">\n\t\t<div class=\"elementor-element elementor-element-8a38a2b e-con-full e-flex e-con e-child\" data-id=\"8a38a2b\" data-element_type=\"container\" data-settings=\"{&quot;background_background&quot;:&quot;gradient&quot;}\">\n\t\t\t\t<div class=\"elementor-element elementor-element-ebb88fa elementor-widget elementor-widget-shortcode\" data-id=\"ebb88fa\" data-element_type=\"widget\" data-widget_type=\"shortcode.default\">\n\t\t\t\t<div class=\"elementor-widget-container\">\n\t\t\t\t\t\t\t<div class=\"elementor-shortcode\"> \n<div class=\"wpcf7 no-js\" id=\"wpcf7-f260-o1\" lang=\"pl-PL\" dir=\"ltr\" data-wpcf7-id=\"260\">\n<div class=\"screen-reader-response\"><p role=\"status\" aria-live=\"polite\" aria-atomic=\"true\"><\/p> <ul><\/ul><\/div>\n<form action=\"\/index.php?rest_route=%2Fwp%2Fv2%2Fpages%2F23#wpcf7-f260-o1\" method=\"post\" class=\"wpcf7-form init\" aria-label=\"Formularz kontaktowy\" novalidate=\"novalidate\" data-status=\"init\">\n<div style=\"display: none;\">\n<input type=\"hidden\" name=\"_wpcf7\" value=\"260\" \/>\n<input type=\"hidden\" name=\"_wpcf7_version\" value=\"6.0.6\" \/>\n<input type=\"hidden\" name=\"_wpcf7_locale\" value=\"pl_PL\" \/>\n<input type=\"hidden\" name=\"_wpcf7_unit_tag\" value=\"wpcf7-f260-o1\" \/>\n<input type=\"hidden\" name=\"_wpcf7_container_post\" value=\"0\" \/>\n<input type=\"hidden\" name=\"_wpcf7_posted_data_hash\" value=\"\" \/>\n<\/div>\n<div class=\"cf7-wrapper\">\n\t<div class=\"cf7-naglowek\">\n\t\t<p>Formularz Kontaktowy\n\t\t<\/p>\n\t<\/div>\n\t<div class=\"cf7-progress-counter\">\n\t\t<p>Krok 1 z 3\n\t\t<\/p>\n\t<\/div>\n\t<div class=\"cf7-progress\">\n\t\t<div class=\"cf7-progress-bar\">\n\t\t<\/div>\n\t<\/div>\n\t<div class=\"cf7-success-icon\" style=\"display:none;\">\n\t\t<p>\u2714\ufe0f Wiadomo\u015b\u0107 zosta\u0142a wys\u0142ana!\n\t\t<\/p>\n\t<\/div>\n\t<div class=\"cf7-steps-wrapper\">\n\t\t<div class=\"cf7-step cf7-step-1 active\">\n\t\t\t<p><span class=\"wpcf7-form-control-wrap\" data-name=\"your-name\"><input size=\"40\" maxlength=\"400\" class=\"wpcf7-form-control wpcf7-text wpcf7-validates-as-required\" aria-required=\"true\" aria-invalid=\"false\" placeholder=\"Twoje imi\u0119 i nazwisko\" value=\"\" type=\"text\" name=\"your-name\" \/><\/span>\n\t\t\t<\/p>\n\t\t\t<p><span class=\"wpcf7-form-control-wrap\" data-name=\"your-email\"><input size=\"40\" maxlength=\"400\" class=\"wpcf7-form-control wpcf7-email wpcf7-validates-as-required wpcf7-text wpcf7-validates-as-email\" aria-required=\"true\" aria-invalid=\"false\" placeholder=\"Tw\u00f3j e-mail\" value=\"\" type=\"email\" name=\"your-email\" \/><\/span>\n\t\t\t<\/p>\n\t\t\t<p><span class=\"wpcf7-form-control-wrap\" data-name=\"your-phone\"><input size=\"40\" maxlength=\"400\" class=\"wpcf7-form-control wpcf7-tel wpcf7-validates-as-required wpcf7-text wpcf7-validates-as-tel\" aria-required=\"true\" aria-invalid=\"false\" placeholder=\"Tw\u00f3j numer telefonu\" value=\"\" type=\"tel\" name=\"your-phone\" \/><\/span>\n\t\t\t<\/p>\n\t\t<\/div>\n\t\t<div class=\"cf7-step cf7-step-2\">\n\t\t\t<p><span class=\"wpcf7-form-control-wrap\" data-name=\"your-message\"><textarea cols=\"40\" rows=\"10\" maxlength=\"2000\" class=\"wpcf7-form-control wpcf7-textarea wpcf7-validates-as-required\" aria-required=\"true\" aria-invalid=\"false\" placeholder=\"Wiadomo\u015b\u0107\" name=\"your-message\"><\/textarea><\/span>\n\t\t\t<\/p>\n\t\t\t<p class=\"cf7-file-info\">Dodaj plik .pdf - max. 25 MB\n\t\t\t<\/p>\n\t\t\t<p><span class=\"wpcf7-form-control-wrap\" data-name=\"mfile-1\"><input size=\"40\" class=\"wpcf7-form-control wpcf7-drag-n-drop-file d-none\" aria-invalid=\"false\" type=\"file\" multiple=\"multiple\" data-name=\"mfile-1\" data-type=\"pdf\" data-limit=\"25000000\" data-min=\"1\" data-max=\"1\" data-id=\"260\" data-version=\"free version 1.3.8.9\" accept=\".pdf\" \/><\/span>\n\t\t\t<\/p>\n\t\t<\/div>\n\t\t<div class=\"cf7-step cf7-step-3\">\n\t\t\t<p><span class=\"wpcf7-form-control-wrap\" data-name=\"acceptance-1\"><span class=\"wpcf7-form-control wpcf7-acceptance\"><span class=\"wpcf7-list-item\"><label><input type=\"checkbox\" name=\"acceptance-1\" value=\"1\" aria-invalid=\"false\" \/><span class=\"wpcf7-list-item-label\">Zgadzam si\u0119 na RODO<\/span><\/label><\/span><\/span><\/span>\n\t\t\t<\/p>\n\t\t<\/div>\n\t<\/div>\n\t<div class=\"cf7-nav-global\">\n\t\t<p><button type=\"button\" class=\"cf7-prev-btn\">Wstecz<\/button><br \/>\n<button type=\"button\" class=\"cf7-next-btn\">Dalej<\/button><br \/>\n<input class=\"wpcf7-form-control wpcf7-submit has-spinner cf7-submit\" type=\"submit\" value=\"Wy\u015blij\" \/>\n\t\t<\/p>\n\t<\/div>\n<\/div><div class=\"wpcf7-response-output\" aria-hidden=\"true\"><\/div>\n<\/form>\n<\/div>\n\n\n<div class=\"cf7-contact-info\">\n  <p><strong>Ko\u0142o \u0141owieckie \"Krogulec\"<\/strong><\/p>\n  <p>ul. Bukowa 5, 83-033 Sobowidz<\/p>\n<\/div>\n\n<footer class=\"cf7-footer\">\n  <p>&copy; 2025 Ko\u0142o \u0141owieckie \"Krogulec\"<\/p>\n<\/footer>\n\n<\/div>\n\t\t\t\t\t\t<\/div>\n\t\t\t\t<\/div>\n\t\t\t\t<\/div>\n\t\t\t\t<\/div>\n\t\t<div class=\"elementor-element elementor-element-05bc43e e-flex e-con-boxed e-con e-parent\" data-id=\"05bc43e\" data-element_type=\"container\" data-settings=\"{&quot;background_background&quot;:&quot;slideshow&quot;,&quot;background_slideshow_gallery&quot;:[],&quot;background_slideshow_loop&quot;:&quot;yes&quot;,&quot;background_slideshow_slide_duration&quot;:5000,&quot;background_slideshow_slide_transition&quot;:&quot;fade&quot;,&quot;background_slideshow_transition_duration&quot;:500}\">\n\t\t\t\t\t<div class=\"e-con-inner\">\n\t\t\t\t<div class=\"elementor-element elementor-element-1708efb elementor-widget elementor-widget-html\" data-id=\"1708efb\" data-element_type=\"widget\" data-widget_type=\"html.default\">\n\t\t\t\t<div class=\"elementor-widget-container\">\n\t\t\t\t\t<div class=\"background-slideshow\">\n  <img decoding=\"async\" src=\"https:\/\/krogulec.info\/wp-content\/uploads\/2025\/05\/1.webp\" \/>\n  <img decoding=\"async\" src=\"https:\/\/krogulec.info\/wp-content\/uploads\/2025\/05\/2.webp\" \/>\n  <img decoding=\"async\" src=\"https:\/\/krogulec.info\/wp-content\/uploads\/2025\/05\/3.webp\" \/>\n  <img decoding=\"async\" src=\"https:\/\/krogulec.info\/wp-content\/uploads\/2025\/05\/4.webp\" \/>\n  <img decoding=\"async\" src=\"https:\/\/krogulec.info\/wp-content\/uploads\/2025\/05\/5.webp\" \/>\n  <img decoding=\"async\" src=\"https:\/\/krogulec.info\/wp-content\/uploads\/2025\/05\/6.webp\" \/>\n  <img decoding=\"async\" src=\"https:\/\/krogulec.info\/wp-content\/uploads\/2025\/05\/7.webp\" \/>\n  <img decoding=\"async\" src=\"https:\/\/krogulec.info\/wp-content\/uploads\/2025\/05\/8.webp\" \/>\n  <img decoding=\"async\" src=\"https:\/\/krogulec.info\/wp-content\/uploads\/2025\/05\/9.webp\" \/>\n<\/div>\t\t\t\t<\/div>\n\t\t\t\t<\/div>\n\t\t\t\t\t<\/div>\n\t\t\t\t<\/div>\n\t\t\t\t<\/div>\n\t\t","protected":false},"excerpt":{"rendered":"<p>\u25bc Kim jeste\u015bmy? Ko\u0142o \u0141owieckie \u201eKrogulec\u201d z Gda\u0144ska dzia\u0142a nieprzerwanie od 1963 roku. \u0141\u0105czymy pasj\u0119 do natury z odpowiedzialno\u015bci\u0105 za jej ochron\u0119. Tworzymy spo\u0142eczno\u015b\u0107 my\u015bliwych, le\u015bnik\u00f3w i mi\u0142o\u015bnik\u00f3w przyrody, kt\u00f3rzy dzia\u0142aj\u0105 wsp\u00f3lnie w duchu etyki \u0142owieckiej. \ud83e\udd8c Dba\u0142o\u015b\u0107 o populacje dzikiej zwierzyny \ud83c\udf3e Gospodarka \u0142owiecka w zgodzie z natur\u0105 \ud83c\udf32 Tradycja, etyka, edukacja i lokalne [&hellip;]<\/p>\n","protected":false},"author":1,"featured_media":0,"parent":0,"menu_order":0,"comment_status":"closed","ping_status":"closed","template":"elementor_canvas","meta":{"footnotes":""},"class_list":["post-23","page","type-page","status-publish","hentry"],"_links":{"self":[{"href":"https:\/\/krogulec.info\/index.php?rest_route=\/wp\/v2\/pages\/23","targetHints":{"allow":["GET"]}}],"collection":[{"href":"https:\/\/krogulec.info\/index.php?rest_route=\/wp\/v2\/pages"}],"about":[{"href":"https:\/\/krogulec.info\/index.php?rest_route=\/wp\/v2\/types\/page"}],"author":[{"embeddable":true,"href":"https:\/\/krogulec.info\/index.php?rest_route=\/wp\/v2\/users\/1"}],"replies":[{"embeddable":true,"href":"https:\/\/krogulec.info\/index.php?rest_route=%2Fwp%2Fv2%2Fcomments&post=23"}],"version-history":[{"count":191,"href":"https:\/\/krogulec.info\/index.php?rest_route=\/wp\/v2\/pages\/23\/revisions"}],"predecessor-version":[{"id":480,"href":"https:\/\/krogulec.info\/index.php?rest_route=\/wp\/v2\/pages\/23\/revisions\/480"}],"wp:attachment":[{"href":"https:\/\/krogulec.info\/index.php?rest_route=%2Fwp%2Fv2%2Fmedia&parent=23"}],"curies":[{"name":"wp","href":"https:\/\/api.w.org\/{rel}","templated":true}]}}